{"id":443,"date":"2019-02-01T06:35:16","date_gmt":"2019-02-01T06:35:16","guid":{"rendered":"http:\/\/localhost\/boldman\/boldman-theme\/?page_id=443"},"modified":"2024-03-25T10:14:12","modified_gmt":"2024-03-25T07:14:12","slug":"hakkimizda","status":"publish","type":"page","link":"https:\/\/tkeelektrik.com\/index.php\/hakkimizda\/","title":{"rendered":"Hakk\u0131m\u0131zda"},"content":{"rendered":"\t\t<div data-elementor-type=\"wp-page\" data-elementor-id=\"443\" class=\"elementor elementor-443\">\n\t\t\t\t\t\t<section class=\"elementor-section elementor-top-section elementor-element elementor-element-c913788 tm-bgcolor-grey elementor-section-stretched tm-column-break-ipad-yes tm-col-stretched-none elementor-section-boxed elementor-section-height-default elementor-section-height-default\" data-id=\"c913788\" data-element_type=\"section\" data-settings=\"{&quot;stretch_section&quot;:&quot;section-stretched&quot;}\">\n\t\t\t\t\t\t<div class=\"elementor-container elementor-column-gap-default\">\n\t\t\t\t\t<div class=\"elementor-column elementor-col-50 elementor-top-column elementor-element elementor-element-6f04c9a4\" data-id=\"6f04c9a4\" data-element_type=\"column\">\n\t\t\t<div class=\"elementor-widget-wrap elementor-element-populated\">\n\t\t\t\t\t\t<div class=\"elementor-element elementor-element-75a57ebf elementor-widget elementor-widget-image\" data-id=\"75a57ebf\" data-element_type=\"widget\" data-widget_type=\"image.default\">\n\t\t\t\t<div class=\"elementor-widget-container\">\n\t\t\t<style>\/*! elementor - v3.20.0 - 11-03-2024 *\/\n.elementor-widget-image{text-align:center}.elementor-widget-image a{display:inline-block}.elementor-widget-image a img[src$=\".svg\"]{width:48px}.elementor-widget-image img{vertical-align:middle;display:inline-block}<\/style>\t\t\t\t\t\t\t\t\t\t<img decoding=\"async\" src=\"https:\/\/tkeelektrik.com\/wp-content\/uploads\/elementor\/thumbs\/2149282772-qlpxnmpne71idh8oh3mn40agzf91l1ua0rnk1skgik.jpg\" title=\"2149282772\" alt=\"2149282772\" loading=\"lazy\" \/>\t\t\t\t\t\t\t\t\t\t\t\t\t<\/div>\n\t\t\t\t<\/div>\n\t\t\t\t\t<\/div>\n\t\t<\/div>\n\t\t\t\t<div class=\"elementor-column elementor-col-50 elementor-top-column elementor-element elementor-element-3ef685fe tm-bg\" data-id=\"3ef685fe\" data-element_type=\"column\">\n\t\t\t<div class=\"elementor-widget-wrap elementor-element-populated\">\n\t\t\t\t\t\t<div class=\"elementor-element elementor-element-1989560a tm-align-left elementor-widget elementor-widget-tm_heading\" data-id=\"1989560a\" data-element_type=\"widget\" data-widget_type=\"tm_heading.default\">\n\t\t\t\t<div class=\"elementor-widget-container\">\n\t\t\t<div class=\"tm-element-heading-content-wrapper left-align tm-reverse-heading-yes tm-seperator-style3  tm-heading-style-vertical \"><div class=\"tm-content-header\"><h4 class=\"tm-element-subheading tm-custom-heading \">\n\t\t\t\tTKE Elektrik\n\t\t\t<\/h4>\n\t\t<h2 class=\"tm-element-content-heading tm-custom-heading \">\n\t\t\t\tYenilik\u00e7i \u00c7\u00f6z\u00fcmler ve G\u00fcvenilir Hizmet\n\t\t\t<\/h2>\n\t\t<div class=\"heading-seperator\"><span><\/span><\/div><\/div><\/div>\t\t<\/div>\n\t\t\t\t<\/div>\n\t\t\t\t<section class=\"elementor-section elementor-inner-section elementor-element elementor-element-100e2059 tm-column-break-ipad-no tm-col-stretched-none elementor-section-boxed elementor-section-height-default elementor-section-height-default\" data-id=\"100e2059\" data-element_type=\"section\">\n\t\t\t\t\t\t<div class=\"elementor-container elementor-column-gap-default\">\n\t\t\t\t\t<div class=\"elementor-column elementor-col-100 elementor-inner-column elementor-element elementor-element-5b1c84de\" data-id=\"5b1c84de\" data-element_type=\"column\">\n\t\t\t<div class=\"elementor-widget-wrap elementor-element-populated\">\n\t\t\t\t\t\t<div class=\"elementor-element elementor-element-f9baa27 elementor-widget elementor-widget-text-editor\" data-id=\"f9baa27\" data-element_type=\"widget\" data-widget_type=\"text-editor.default\">\n\t\t\t\t<div class=\"elementor-widget-container\">\n\t\t\t<style>\/*! elementor - v3.20.0 - 11-03-2024 *\/\n.elementor-widget-text-editor.elementor-drop-cap-view-stacked .elementor-drop-cap{background-color:#69727d;color:#fff}.elementor-widget-text-editor.elementor-drop-cap-view-framed .elementor-drop-cap{color:#69727d;border:3px solid;background-color:transparent}.elementor-widget-text-editor:not(.elementor-drop-cap-view-default) .elementor-drop-cap{margin-top:8px}.elementor-widget-text-editor:not(.elementor-drop-cap-view-default) .elementor-drop-cap-letter{width:1em;height:1em}.elementor-widget-text-editor .elementor-drop-cap{float:left;text-align:center;line-height:1;font-size:50px}.elementor-widget-text-editor .elementor-drop-cap-letter{display:inline-block}<\/style>\t\t\t\t<p class=\"MsoNormal\">2016 y\u0131l\u0131nda kurulan T\u00fcter ve Kaya aile \u015firketi olarak, TKE Elektrik markas\u0131 alt\u0131nda faaliyet g\u00f6stermektedir. Elektrik sekt\u00f6r\u00fcnde sa\u011flad\u0131\u011f\u0131 \u00e7\u00f6z\u00fcmlerle tan\u0131nan ve Eae Group Akdeniz B\u00f6lge Bayisi olan TKE Elektrik, m\u00fc\u015fterilerine g\u00fcvenilir hizmet sunmaktad\u0131r.<\/p>\n<p class=\"MsoNormal\">TKE Elektrik, k\u00f6kl\u00fc bir aile gelene\u011fine dayanarak sekt\u00f6rde \u00f6nemli bir konum elde etmi\u015ftir.&nbsp;Uluslararas\u0131 kalite standartlar\u0131nda g\u00fcvenilir m\u00fchendislik \u00e7\u00f6z\u00fcmleri, kapsaml\u0131 ve her a\u00e7\u0131dan uzmanl\u0131k gerektiren proje hizmetleri sunuyoruz.<\/p>\n<p class=\"MsoNormal\">Eae markas\u0131n\u0131n Akdeniz b\u00f6lgesindeki bayisi olarak, TKE Elektrik, sekt\u00f6rdeki en son teknolojiye sahip \u00fcr\u00fcnleri m\u00fc\u015fterilerine sunarak, elektrik ihtiya\u00e7lar\u0131n\u0131 en etkili \u015fekilde kar\u015f\u0131lamaktad\u0131r.<\/p>\n<p class=\"MsoNormal\">TKE Elektrik, m\u00fc\u015fteri memnuniyetini her zaman en \u00fcst seviyede tutmay\u0131 hedeflemektedir. Profesyonel ve deneyimli ekibiyle, m\u00fc\u015fterilerinin beklentilerini a\u015fmay\u0131 ve projelerini zaman\u0131nda ve hatas\u0131z bir \u015fekilde tamamlamay\u0131 taahh\u00fct etmektedir.<\/p>\n<p class=\"MsoNormal\">S\u00fcrd\u00fcr\u00fclebilirlik ilkelerine ba\u011fl\u0131 kalarak, \u00e7evreye duyarl\u0131 uygulamalar\u0131 destekleyen TKE Elektrik, topluma ve \u00e7evreye kar\u015f\u0131 sorumluluklar\u0131n\u0131n bilincindedir.<\/p>\n<p class=\"MsoNormal\">TKE Elektrik, elektrik sekt\u00f6r\u00fcnde g\u00fcvenilir bir isim olarak, s\u00fcrekli geli\u015fen ve de\u011fi\u015fen pazarda lider konumunu s\u00fcrd\u00fcrmekte ve m\u00fc\u015fterilerine en iyi hizmeti sunmaya devam etmektedir.<\/p>\n<p class=\"MsoNormal\">\n<\/p>\t\t\t\t\t\t<\/div>\n\t\t\t\t<\/div>\n\t\t\t\t\t<\/div>\n\t\t<\/div>\n\t\t\t\t\t<\/div>\n\t\t<\/section>\n\t\t\t\t<section class=\"elementor-section elementor-inner-section elementor-element elementor-element-610c1bb tm-3-column-view-tablet tm-column-break-ipad-no tm-col-stretched-none elementor-section-boxed elementor-section-height-default elementor-section-height-default\" data-id=\"610c1bb\" data-element_type=\"section\">\n\t\t\t\t\t\t<div class=\"elementor-container elementor-column-gap-default\">\n\t\t\t\t\t<div class=\"elementor-column elementor-col-33 elementor-inner-column elementor-element elementor-element-590ff64d\" data-id=\"590ff64d\" data-element_type=\"column\">\n\t\t\t<div class=\"elementor-widget-wrap elementor-element-populated\">\n\t\t\t\t\t\t<div class=\"elementor-element elementor-element-5cb2bc6a elementor-widget elementor-widget-tm_fid_element\" data-id=\"5cb2bc6a\" data-element_type=\"widget\" data-widget_type=\"tm_fid_element.default\">\n\t\t\t\t<div class=\"elementor-widget-container\">\n\t\t\t\n<div class=\"tm-fid inside tm-fid-without-icon tm-fid-view-topicon\">\n\t\t\t<div class=\"tm-fld-contents\">\n\t\t<h4 class=\"tm-fid-inner\">\n\t\t\t\t<span class=\"tm-number-rotate\" data-appear-animation=\"animateDigits\" data-from=\"0\" data-to=\"500\" data-interval=\"5\" data-before=\"\" data-before-style=\"\" data-after=\"\" data-after-style=\"\">\n\t\t\t\t500\t\t<\/span>\n\t\t<sub>+<\/sub>\t\t<\/h4>\n\t\t<h3 class=\"tm-fid-title\"><span>M\u00fc\u015fteri<br><\/span><\/h3>\n\t<\/div><!-- .tm-fld-contents -->\n\t<\/div>\n\n\t\t<\/div>\n\t\t\t\t<\/div>\n\t\t\t\t\t<\/div>\n\t\t<\/div>\n\t\t\t\t<div class=\"elementor-column elementor-col-33 elementor-inner-column elementor-element elementor-element-751d8494\" data-id=\"751d8494\" data-element_type=\"column\">\n\t\t\t<div class=\"elementor-widget-wrap elementor-element-populated\">\n\t\t\t\t\t\t<div class=\"elementor-element elementor-element-5aefe2f2 elementor-widget elementor-widget-tm_fid_element\" data-id=\"5aefe2f2\" data-element_type=\"widget\" data-widget_type=\"tm_fid_element.default\">\n\t\t\t\t<div class=\"elementor-widget-container\">\n\t\t\t\n<div class=\"tm-fid inside tm-fid-without-icon tm-fid-view-topicon\">\n\t\t\t<div class=\"tm-fld-contents\">\n\t\t<h4 class=\"tm-fid-inner\">\n\t\t\t\t<span class=\"tm-number-rotate\" data-appear-animation=\"animateDigits\" data-from=\"0\" data-to=\"8\" data-interval=\"5\" data-before=\"\" data-before-style=\"\" data-after=\"\" data-after-style=\"\">\n\t\t\t\t8\t\t<\/span>\n\t\t<sub>Y\u0131l<\/sub>\t\t<\/h4>\n\t\t<h3 class=\"tm-fid-title\"><span>Tecrube<br><\/span><\/h3>\n\t<\/div><!-- .tm-fld-contents -->\n\t<\/div>\n\n\t\t<\/div>\n\t\t\t\t<\/div>\n\t\t\t\t\t<\/div>\n\t\t<\/div>\n\t\t\t\t<div class=\"elementor-column elementor-col-33 elementor-inner-column elementor-element elementor-element-3225e040\" data-id=\"3225e040\" data-element_type=\"column\">\n\t\t\t<div class=\"elementor-widget-wrap elementor-element-populated\">\n\t\t\t\t\t\t<div class=\"elementor-element elementor-element-a1b2477 elementor-widget elementor-widget-tm_fid_element\" data-id=\"a1b2477\" data-element_type=\"widget\" data-widget_type=\"tm_fid_element.default\">\n\t\t\t\t<div class=\"elementor-widget-container\">\n\t\t\t\n<div class=\"tm-fid inside tm-fid-without-icon tm-fid-view-topicon\">\n\t\t\t<div class=\"tm-fld-contents\">\n\t\t<h4 class=\"tm-fid-inner\">\n\t\t\t\t<span class=\"tm-number-rotate\" data-appear-animation=\"animateDigits\" data-from=\"0\" data-to=\"600\" data-interval=\"5\" data-before=\"\" data-before-style=\"\" data-after=\"\" data-after-style=\"\">\n\t\t\t\t600\t\t<\/span>\n\t\t<sub>+<\/sub>\t\t<\/h4>\n\t\t<h3 class=\"tm-fid-title\"><span>Proje<br><\/span><\/h3>\n\t<\/div><!-- .tm-fld-contents -->\n\t<\/div>\n\n\t\t<\/div>\n\t\t\t\t<\/div>\n\t\t\t\t\t<\/div>\n\t\t<\/div>\n\t\t\t\t\t<\/div>\n\t\t<\/section>\n\t\t\t\t\t<\/div>\n\t\t<\/div>\n\t\t\t\t\t<\/div>\n\t\t<\/section>\n\t\t\t\t<\/div>\n\t\t","protected":false},"excerpt":{"rendered":"<p>TKE Elektrik Yenilik\u00e7i \u00c7\u00f6z\u00fcmler ve G\u00fcvenilir Hizmet 2016 y\u0131l\u0131nda kurulan T\u00fcter ve Kaya aile \u015firketi olarak, TKE Elektrik markas\u0131 alt\u0131nda faaliyet g\u00f6stermektedir. Elektrik sekt\u00f6r\u00fcnde sa\u011flad\u0131\u011f\u0131 \u00e7\u00f6z\u00fcmlerle tan\u0131nan ve Eae Group Akdeniz B\u00f6lge Bayisi olan TKE Elektrik, m\u00fc\u015fterilerine g\u00fcvenilir hizmet sunmaktad\u0131r. TKE Elektrik, k\u00f6kl\u00fc bir aile gelene\u011fine dayanarak sekt\u00f6rde \u00f6nemli bir konum elde etmi\u015ftir.&nbsp;Uluslararas\u0131 kalite standartlar\u0131nda &hellip; <a href=\"https:\/\/tkeelektrik.com\/index.php\/hakkimizda\/\" class=\"more-link\">Continue reading <span class=\"screen-reader-text\">Hakk\u0131m\u0131zda<\/span><\/a><\/p>\n","protected":false},"author":1,"featured_media":0,"parent":0,"menu_order":0,"comment_status":"closed","ping_status":"closed","template":"","meta":{"footnotes":""},"_links":{"self":[{"href":"https:\/\/tkeelektrik.com\/index.php\/wp-json\/wp\/v2\/pages\/443"}],"collection":[{"href":"https:\/\/tkeelektrik.com\/index.php\/wp-json\/wp\/v2\/pages"}],"about":[{"href":"https:\/\/tkeelektrik.com\/index.php\/wp-json\/wp\/v2\/types\/page"}],"author":[{"embeddable":true,"href":"https:\/\/tkeelektrik.com\/index.php\/wp-json\/wp\/v2\/users\/1"}],"replies":[{"embeddable":true,"href":"https:\/\/tkeelektrik.com\/index.php\/wp-json\/wp\/v2\/comments?post=443"}],"version-history":[{"count":19,"href":"https:\/\/tkeelektrik.com\/index.php\/wp-json\/wp\/v2\/pages\/443\/revisions"}],"predecessor-version":[{"id":10055,"href":"https:\/\/tkeelektrik.com\/index.php\/wp-json\/wp\/v2\/pages\/443\/revisions\/10055"}],"wp:attachment":[{"href":"https:\/\/tkeelektrik.com\/index.php\/wp-json\/wp\/v2\/media?parent=443"}],"curies":[{"name":"wp","href":"https:\/\/api.w.org\/{rel}","templated":true}]}}